697144?
8
What is the greatest common factor of 185 and 342805?
185
What is the highest common factor of 7 and 240254?
7
What is the highest common factor of 156 and 778908?
156
What is the highest common factor of 1581 and 620?
31
Calculate the greatest common factor of 38 and 79306.
38
Calculate the highest common factor of 487 and 608263.
487
Calculate the greatest common divisor of 528898 and 402.
134
Calculate the greatest common divisor of 24428 and 155.
31
Calculate the highest common divisor of 2520 and 106560.
360
What is the highest common divisor of 1904 and 14399?
119
Calculate the greatest common divisor of 160 and 173552.
16
Calculate the highest common divisor of 2595970 and 20.
10
Calculate the greatest common factor of 4 and 54712.
4
Calculate the highest common divisor of 1501 and 31442.
79
What is the greatest common factor of 1000 and 65375?
125
What is the highest common factor of 113807 and 657?
73
What is the highest common factor of 294406 and 952?
238
Calculate the highest common divisor of 9224 and 1256.
8
What is the highest common factor of 13908 and 102724?
244
Calculate the greatest common factor of 122 and 99369.
61
Calculate the highest common factor of 15 and 12621.
3
Calculate the greatest common divisor of 275 and 40315.
55
Calculate the greatest common factor of 1216 and 72048.
304
Calculate the highest common factor of 85 and 18496.
17
What is the highest common factor of 186371 and 2584?
323
What is the greatest common divisor of 182442 and 546?
78
Calculate the highest common factor of 2556 and 6444.
36
What is the greatest common divisor of 77 and 965195?
77
Calculate the highest common factor of 232 and 1245086.
58
Calculate the highest common divisor of 22 and 952226.
22
Calculate the highest common divisor of 12465522 and 1377.
459
What is the highest common divisor of 2996715 and 870?
435
What is the greatest common factor of 1005 and 11595?
15
What is the greatest common factor of 392 and 1323?
49
Calculate the greatest common divisor of 6003 and 27492.
87
Calculate the highest common divisor of 5757562 and 274.
274
What is the highest common factor of 84 and 3192609?
21
What is the greatest common factor of 150 and 12645?
15
Calculate the highest common divisor of 4152 and 8520.
24
Calculate the highest common divisor of 4000 and 260.
20
Calculate the highest common factor of 3328 and 117.
13
What is the greatest common factor of 6407 and 10579?
149
Calculate the highest common divisor of 2028339 and 9.
9
What is the greatest common divisor of 5984 and 3179?
187
What is the highest common factor of 434 and 14364?
14
Calculate the highest common divisor of 7904 and 1456.
208
Calculate the greatest common divisor of 14848 and 18328.
232
What is the greatest common factor of 1507 and 4939?
11
Calculate the greatest common factor of 5880 and 740.
20
What is the greatest common divisor of 207 and 139242?
69
Calculate the highest common factor of 702 and 1693614.
78
Calculate the greatest common factor of 1 and 6806.
1
What is the greatest common divisor of 225732 and 3?
3
Calculate the greatest common divisor of 66 and 58542.
66
What is the highest common factor of 10536 and 27?
3
Calculate the highest common divisor of 273 and 4719.
39
Calculate the highest common factor of 1865 and 148081.
373
What is the highest common factor of 69090 and 92778?
1974
What is the highest common factor of 2279980 and 580?
580
What is the highest common divisor of 11 and 667117?
11
Calculate the greatest common divisor of 7 and 7140546.
7
Calculate the greatest common factor of 96 and 637792.
32
Calculate the highest common divisor of 451142 and 23620.
2362
What is the greatest common factor of 12662 and 6?
2
Calculate the greatest common divisor of 9465 and 4875.
15
Calculate the highest common factor of 270 and 338310.
270
Calculate the highest common factor of 8758 and 5134.
302
Calculate the greatest common factor of 23370 and 861.
123
Calculate the highest common divisor of 36 and 743532.
12
Calculate the greatest common divisor of 2379 and 39468.
39
What is the highest common factor of 86363 and 12890?
1289
What is the highest common factor of 2156956 and 4?
4
Calculate the greatest common divisor of 675 and 54150.
75
Calculate the highest common factor of 41003 and 131.
131
Calculate the greatest common divisor of 336042 and 378.
378
Calculate the greatest common divisor of 142464 and 70.
14
What is the greatest common factor of 128232 and 104805?
1233
Calculate the greatest common divisor of 104937 and 1064.
133
What is the greatest common factor of 2807 and 216941?
401
Calculate the highest common factor of 1539 and 8037.
171
What is the highest common factor of 262379 and 13?
13
What is the highest common factor of 48 and 1818000?
48
Calculate the highest common factor of 2088232 and 696.
232
What is the greatest common divisor of 1928 and 474047?
241
What is the highest common factor of 15 and 323315?
5
Calculate the highest common factor of 51 and 543.
3
Calculate the greatest common divisor of 98653 and 329.
47
What is the highest common factor of 64445 and 110?
5
Calculate the highest common divisor of 735 and 57435.
105
What is the highest common divisor of 276 and 820088?
92
Calculate the greatest common divisor of 133144 and 712.
712
What is the greatest common divisor of 138 and 20378?
46
Calculate the greatest common factor of 124 and 31732.
4
What is the highest common divisor of 10241 and 392?
49
Calculate the highest common divisor of 5328 and 166167.
333
Calculate the highest common factor of 5112 and 2409030.
1278
Calculate the highest common divisor of 140932 and 176.
44
Calculate the highest common divisor of 124 and 164734.
62
Calculate the greatest common factor of 37079 and 7.
7
Calculate the highest common factor of 162976 and 35552.
352
Calculate the greatest common factor of 1664 and 6.
2
What is the greatest common factor of 815913 and 56?
7
Calculate the greatest common factor of 167976 and 4392.
72
Calculate the highest common factor of 224808 and 48.
24
Calculate the greatest common factor of 423 and 19503.
9
What is the greatest common divisor of 66666 and 53116?
542
Calculate the highest common factor of 120 and 121152.
24
What is the highest common divisor of 23839 and 183022?
769
Calculate the greatest common divisor of 34 and 276760.
34
Calculate the highest common divisor of 171 and 120517.
19
Calculate the highest common factor of 606426 and 318.
318
What is the greatest common factor of 13572 and 2132?
52
What is the greatest common factor of 173331 and 27?
9
Calculate the greatest common divisor of 36 and 415938.
6
Calculate the greatest common divisor of 1675 and 2675.
25
What is the highest common divisor of 486 and 89874?
18
Calculate the highest common divisor of 438 and 147282.
6
What is the greatest common divisor of 121040 and 20?
20
Calculate the highest common divisor of 639508 and 37.
37
What is the greatest common factor of 11892 and 3180?
12
What is the greatest common factor of 72032 and 32?
32
Calculate the highest common factor of 150 and 430000.
50
What is the greatest common factor of 33 and 39437013?
33
Calculate the greatest common factor of 64 and 27632.
16
Calculate the highest common divisor of 1088470 and 356.
178
Calculate the greatest common factor of 90170 and 1065.
355
What is the highest common factor of 84370 and 33?
11
Calculate the greatest common factor of 632 and 25784.
8
What is the greatest common divisor of 18 and 15918?
6
What is the highest common divisor of 440 and 2151160?
440
Calculate the highest common factor of 17816 and 3128.
136
Calculate the highest common divisor of 9329897 and 331.
331
Calculate the highest common factor of 588 and 31654.
98
Calculate the greatest common factor of 18 and 280632.
6
Calculate the highest common factor of 7011 and 1722.
123
Calculate the greatest common factor of 114535 and 395.
5
What is the greatest common factor of 14558 and 232?
58
Calculate the greatest common divisor of 4650 and 9858.
186
Calculate the highest common divisor of 122897 and 118.
59
What is the greatest common divisor of 225 and 885?
15
Calculate the greatest common divisor of 1648 and 192.
16
Calculate the greatest common